en thousands digit of 2393555?
9
What is the hundreds digit of 839033?
0
What is the hundreds digit of 133414?
4
What is the thousands digit of 47850?
7
What is the millions digit of 1570858?
1
What is the hundreds digit of 2049105?
1
What is the hundred thousands digit of 5042567?
0
What is the units digit of 97822?
2
What is the hundred thousands digit of 6679702?
6
What is the ten thousands digit of 236361?
3
What is the thousands digit of 49751?
9
What is the millions digit of 6059058?
6
What is the hundreds digit of 35963?
9
What is the hundreds digit of 1059331?
3
What is the units digit of 10954074?
4
What is the units digit of 310343?
3
What is the ten thousands digit of 17586802?
8
What is the hundreds digit of 5689500?
5
What is the thousands digit of 339705?
9
What is the hundreds digit of 98168?
1
What is the tens digit of 20220?
2
What is the units digit of 294732?
2
What is the ten thousands digit of 485387?
8
What is the units digit of 2778279?
9
What is the tens digit of 256280?
8
What is the hundred thousands digit of 225550?
2
What is the hundred thousands digit of 2195761?
1
What is the thousands digit of 15669410?
9
What is the tens digit of 8143672?
7
What is the thousands digit of 3596?
3
What is the hundreds digit of 31896338?
3
What is the hundreds digit of 260858?
8
What is the thousands digit of 4669830?
9
What is the millions digit of 1783052?
1
What is the tens digit of 2156804?
0
What is the hundred thousands digit of 11757197?
7
What is the ten thousands digit of 2913877?
1
What is the ten thousands digit of 6147781?
4
What is the hundreds digit of 7257227?
2
What is the thousands digit of 15463?
5
What is the millions digit of 5938874?
5
What is the hundreds digit of 9243803?
8
What is the ten thousands digit of 1044317?
4
What is the units digit of 144262?
2
What is the thousands digit of 7373515?
3
What is the thousands digit of 2467572?
7
What is the thousands digit of 5678085?
8
What is the millions digit of 1428991?
1
What is the ten thousands digit of 280832?
8
What is the hundreds digit of 3721506?
5
What is the tens digit of 3919133?
3
What is the hundred thousands digit of 4700218?
7
What is the tens digit of 2537988?
8
What is the tens digit of 249798?
9
What is the millions digit of 10795920?
0
What is the ten thousands digit of 4740964?
4
What is the tens digit of 1631301?
0
What is the thousands digit of 1365040?
5
What is the thousands digit of 25070339?
0
What is the units digit of 797230?
0
What is the tens digit of 475881?
8
What is the millions digit of 13709205?
3
What is the units digit of 480869?
9
What is the tens digit of 83738?
3
What is the hundreds digit of 29878?
8
What is the hundred thousands digit of 269262?
2
What is the units digit of 2997601?
1
What is the hundred thousands digit of 7477095?
4
What is the hundred thousands digit of 354558?
3
What is the ten millions digit of 20590453?
2
What is the ten thousands digit of 702307?
0
What is the millions digit of 2588917?
2
What is the hundred thousands digit of 1333133?
3
What is the units digit of 50943?
3
What is the hundred thousands digit of 6547473?
5
What is the hundreds digit of 3277?
2
What is the tens digit of 7548660?
6
What is the thousands digit of 2325990?
5
What is the ten thousands digit of 287574?
8
What is the hundred thousands digit of 862534?
8
What is the thousands digit of 330172?
0
What is the thousands digit of 220717?
0
What is the tens digit of 242648?
4
What is the hundreds digit of 458327?
3
What is the hundreds digit of 396848?
8
What is the ten thousands digit of 485116?
8
What is the ten thousands digit of 5593913?
9
What is the units digit of 1348149?
9
What is the hundreds digit of 5771807?
8
What is the thousands digit of 3073331?
3
What is the hundred thousands digit of 268433?
2
What is the units digit of 3126164?
4
What is the units digit of 30859?
9
What is the units digit of 253614?
4
What is the tens digit of 6064867?
6
What is the tens digit of 1093901?
0
What is the hundreds digit of 130835?
8
What is the hundreds digit of 8421949?
9
What is the hundred thousands digit of 1817645?
8
What is the units digit of 70900?
0
What is the ten thousands digit of 13382485?
8
What is the thousands digit of 4067341?
7
What is the hundred thousands digit of 195077?
1
What is the thousands digit of 29142278?
2
What is the hundred thousands digit of 354569?
3
What is the ten thousands digit of 985382?
8
What is the ten thousands digit of 2555432?
5
What is the ten thousands digit of 719861?
1
What is the thousands digit of 236910?
6
What is the millions digit of 1542577?
1
What is the hundred thousands digit of 30974038?
9
What is the units digit of 450712?
2
What is the thousands digit of 3178527?
8
What is the ten thousands digit of 314055?
1
What is the units digit of 389764?
4
What is the thousands digit of 182050?
2
What is the thousands digit of 737229?
7
What is the ten thousands digit of 21020?
2
What is the units digit of 1933114?
4
What is the hundreds digit of 15461326?
3
What is the thousands digit of 5588166?
8
What is the thousands digit of 10056116?
6
What is the tens digit of 1717?
1
What is the hundreds digit of 5835963?
9
What is the tens digit of 1887134?
3
What is the hundreds digit of 11731973?
9
What is the units digit of 10496?
6
What is the hundreds digit of 15274333?
3
What is the units digit of 1642820?
0
What is the hundred thousands digit of 441870?
4
What is the hundred thousands digit of 24732848?
7
What is the hundreds digit of 78098?
0
What is the units digit of 1160995?
5
What is the units digit of 1044827?
7
What is the thousands digit of 602151?
2
What is the ten thousands digit of 3233059?
3
What is the millions digit of 1968774?
1
What is the thousands digit of 104970?
4
What is the thousands digit of 5682166?
2
What is the ten thousands digit of 2906531?
0
What is the hundreds digit of 234673?
6
What is the hundred thousands digit of 604039?
6
What is the tens digit of 2664593?
9
What is the hundred thousands digit of 215295?
2
What is the hundred thousands digit of 607583?
6
What is the thousands digit of 173519?
3
What is the ten thousands digit of 1922035?
2
What is the tens digit of 2907140?
4
What is the hundreds digit of 560873?
8
What is the thousands digit of 80992?
0
What is the hundreds digit of 52857?
8
What is the hundreds digit of 11528480?
4
What is the thousands digit of 26699579?
9
What is the units digit of 444587?
7
What is the tens digit of 40962?
6
What is the tens digit of 38832?
3
What is the ten thousands digit of 113555?
1
What is the thousands digit of 1857779?
7
What is the tens digit of 457779?
7
What is the hundred thousands digit of 35527001?
5
What is the units digit of 3467115?
5
What is the tens digit of 503971?
7
What is the hundred thousands digit of 298050?
2
What is the ten thousands digit of 464602?
6
What is the tens digit of 938016?
1
What is the tens digit of 106818?
1
What is the ten thousands digit of 2669915?
6
What is the hundreds digit of 6551899?
8
What is the units digit of 837914?
4
What is the tens digit of 3282194?
9
What is the units digit of 1844543?
3
What is the thousands digit of 4220792?
0
What is the ten thousands digit of 571080?
7
What is the units digit of 14781028?
8
What is the hundred thousands digit of 455854?
4
What is the units digit of 466825?
5
What is the hundreds digit of 3179541?
5
What is the hundred thousands digit of 748994?
7
What is the thousands digit of 72808?
2
What is the ten thousands digit of 10972222?
7
What is the hundreds digit of 951263?
2
What is the units digit of 583975?
5
What is the ten thousands digit of 9127066?
2
What is the tens digit of 1885377?
7
What is the tens digit of 28653?
5
What is the hundred thousands digit of 6278866?
2
What is the hundred thousands digit of 493047?
4
What is the hundreds digit of 7485764?
7
What is the hundred thousands digit of 198084?
1
What is the tens digit of 220317?
1
What is the tens digit of 252858?
5
What is the tens digit of 28187?
8
What is the tens digit of 969810?
1
What is the thousands digit of 189105?
9
What is the thousands digit of 46702?
6
What is the ten thousands digit of 613960?
1
What is the thousands digit of 1166495?
6